
In base 9, what is -8 + 6154?
6145
In base 16, what is 0 - -10d?
10d
In base 4, what is -301 - 13111?
-20012
In base 16, what is -9 - 4f9?
-502
In base 14, what is -20 + -b?
-2b
In base 6, what is 14 - 221?
-203
In base 14, what is -42d + 4?
-429
In base 3, what is -101100 + -2?
-101102
In base 6, what is 2 - -4354?
4400
In base 7, what is 312 + -2?
310
In base 6, what is 21 - 1?
20
In base 15, what is 0 - 12c?
-12c
In base 14, what is 1 + -41c?
-41b
In base 8, what is 1764 + -4?
1760
In base 11, what is -1 + 101?
100
In base 5, what is -300332 + 0?
-300332
In base 6, what is -5 - 2?
-11
In base 14, what is -19 - 5b?
-76
In base 7, what is -2 + -66?
-101
In base 13, what is -8 + 89?
81
In base 9, what is 25 + 20?
45
In base 10, what is 48 + 3?
51
In base 16, what is -1e - 13?
-31
In base 13, what is -3c - -1?
-3b
In base 10, what is -3 + -45?
-48
In base 7, what is -2 - -2056?
2054
In base 16, what is 0 + -9b?
-9b
In base 4, what is -1 - -223?
222
In base 4, what is -303 + 23?
-220
In base 6, what is 11 + -13?
-2
In base 2, what is -101100101 + 101?
-101100000
In base 14, what is 14 + -8?
a
In base 14, what is 42c + 17?
445
In base 2, what is 110100100 + -100?
110100000
In base 7, what is 226 - -66?
325
In base 3, what is -2010 - 222?
-10002
In base 4, what is 1011202 - 0?
1011202
In base 3, what is -20122 - 1200?
-22022
In base 11, what is 62 + 65?
117
In base 15, what is -16 - -8?
-d
In base 2, what is 10000010001 - 101?
10000001100
In base 11, what is 127 + -10?
117
In base 16, what is -33 + -9?
-3c
In base 3, what is -122212 - -10?
-122202
In base 11, what is 548 - -20?
568
In base 11, what is -7 + 3327?
3320
In base 12, what is -145 + -1?
-146
In base 7, what is -34 + -12?
-46
In base 3, what is 0 - 11120?
-11120
In base 3, what is 21002 + 12?
21021
In base 16, what is -2cb2 - -2?
-2cb0
In base 15, what is -cd + -3e?
-11c
In base 15, what is a + -13?
-8
In base 4, what is 120122 - -10?
120132
In base 9, what is -2481 - -5?
-2475
In base 13, what is 1cb7 + 1?
1cb8
In base 8, what is 12 + 247?
261
In base 14, what is -40c + -1?
-40d
In base 15, what is -3 + -815?
-818
In base 8, what is 13 - -114?
127
In base 15, what is -7 + -1?
-8
In base 15, what is -8b - 66?
-102
In base 13, what is -1ac0 - -3?
-1aba
In base 4, what is 3 + 211302?
211311
In base 8, what is 117 + -54?
43
In base 7, what is -461 - 2?
-463
In base 7, what is -15 + -65?
-113
In base 8, what is 1020 + -5?
1013
In base 13, what is -8 - 11?
-19
In base 12, what is -4 - -98?
94
In base 15, what is -1d2 - -4?
-1cd
In base 8, what is 4 + -247?
-243
In base 9, what is -2 + -80?
-82
In base 13, what is -726 + -2?
-728
In base 6, what is 5 + -15?
-10
In base 2, what is -101001101110 - 10?
-101001110000
In base 6, what is 215 - -43?
302
In base 16, what is 11 + -3?
e
In base 10, what is 3 - -82?
85
In base 8, what is 1467 + -5?
1462
In base 6, what is -2 - -332?
330
In base 2, what is 10 + 10100011?
10100101
In base 9, what is -47 - 3?
-51
In base 4, what is -132200 - -13?
-132121
In base 15, what is -30 - 0?
-30
In base 11, what is 61 + 4?
65
In base 8, what is 160 + 11?
171
In base 14, what is 4 - 49?
-45
In base 10, what is 8 - 60?
-52
In base 16, what is -3 - 4ae?
-4b1
In base 2, what is -100100 + 1?
-100011
In base 13, what is 3 - 52?
-4c
In base 8, what is 6 - 45?
-37
In base 10, what is 186 - -3?
189
In base 12, what is b - -88b?
89a
In base 8, what is -444 - 7?
-453
In base 12, what is 12 + -60?
-4a
In base 4, what is 0 + -211033?
-211033
In base 7, what is 13 - -1135?
1151
In base 13, what is 517 - -1?
518
In base 2, what is 11 + -101011?
-101000
In base 9, what is -253 - 1?
-254
In base 16, what is -6c + 4?
-68
In base 2, what is -100000000101110 - 0?
-100000000101110
In base 16, what is -1 - -ea4?
ea3
In base 11, what is 26 - 88?
-62
In base 11, what is 4 + -115?
-111
In base 5, what is -2 - -2324?
2322
In base 11, what is -68 + 0?
-68
In base 13, what is -4 + -3244?
-3248
In base 14, what is -44 - -d0?
8a
In base 6, what is 320 - -230?
550
In base 8, what is -1 + 3433?
3432
In base 12, what is -7 - 1192?
-1199
In base 9, what is 1883 + 5?
1888
In base 14, what is 13d + 4?
143
In base 8, what is 3 - -405?
410
In base 5, what is 22421 - 1?
22420
In base 16, what is -58f + 4?
-58b
In base 13, what is -709 - -1?
-708
In base 3, what is 2110020 - -100?
2110120
In base 2, what is 10101000 - -111001?
11100001
In base 16, what is 8 + -c?
-4
In base 11, what is -5 + 111?
107
In base 5, what is -1242 + 3?
-1234
In base 7, what is -1 - 466?
-500
In base 2, what is -110 - 10100111?
-10101101
In base 16, what is -2a + -c?
-36
In base 14, what is -4 - 171?
-175
In base 5, what is 1314 + -10?
1304
In base 6, what is 32 + -1?
31
In base 10, what is 4 - -50?
54
In base 12, what is -943 + -6?
-949
In base 3, what is -110 - -11?
-22
In base 12, what is -15 - -19a?
185
In base 14, what is 1113 + -3?
1110
In base 11, what is -1 - 315?
-316
In base 4, what is 1 - 23233?
-23232
In base 2, what is -100 + -1111?
-10011
In base 16, what is -e - -47?
39
In base 9, what is 25718 + -3?
25715
In base 3, what is -11 - -22222?
22211
In base 11, what is 1728 + 6?
1733
In base 6, what is 14 - 553?
-535
In base 11, what is 32 - 8?
25
In base 4, what is -3033 - 1?
-3100
In base 11, what is -27 - 11?
-38
In base 12, what is 6512 - -3?
6515
In base 6, what is 10 + -35?
-25
In base 12, what is 867 - -2?
869
In base 5, what is 2 - 43?
-41
In base 11, what is -872 - 0?
-872
In base 9, what is -360 - -10?
-350
In base 13, what is 52a - 0?
52a
In base 4, what is -13 + 3?
-10
In base 3, what is -1202110 + 20?
-1202020
In base 11, what is 3 - 26?
-23
In base 2, what is -11000010110000 + 1?
-11000010101111
In base 13, what is b + -13?
-5
In base 7, what is 165 + 124?
322
In base 9, what is -11752 + -1?
-11753
In base 12, what is -206a - 6?
-2074
In base 9, what is 33273 - 1?
33272
In base 4, what is -203 + -10?
-213
In base 9, what is -1 + -10?
-11
In base 8, what is -1 - -2?
1
In base 6, what is -214025 + 5?
-214020
In base 9, what is 68 - 7?
61
In base 16, what is 82 - -2?
84
In base 12, what is 79 + 2?
7b
In base 3, what is -20002 + 11?
-12221
In base 9, what is 43 + 135?
178
In base 5, what is 4 + 1010?
1014
In base 16, what is 1 + 3dc?
3dd
In base 15, what is -36d + -2?
-370
In base 10, what is 1493 + -4?
1489
In base 6, what is -5 + -1353?
-1402
In base 12, what is 49 + -1?
48
In base 16, what is -324 - -1?
-323
In base 13, what is -3b + -2?
-40
In base 11, what is -19 - 170?
-189
In base 14, what is -12c + 0?
-12c
In base 6, what is 1432 + 5?
1441
In base 12, what is -7b - -36?
-45
In base 12, what is -5046 + -5?
-504b
In base 4, what is -3 + -3112?
-3121
In base 5, what is -104001 - 4?
-104010
In base 4, what is 123 + -13?
110
In base 5, what is -123 + 400?
222
In base 6, what is 45522 - 5?
45513
In base 16, what is -4 - -135?
131
In base 15, what is 5 - 15?
-10
In base 13, what is 1a + 304?
321
In base 4, what is -2121023 + -3?
-2121032
In base 2, what is -100000110101 + 11?
-100000110010
In base 3, what is -112 + -12?
-201
In base 6, what is 111 + 205?
320
In base 3, what is 100 - -12212?
20012
In base 8, what is -326 - 5?
-333
In base 11, what is -6 - -284?
279
In base 15, what is -5 + a?
5
In base 2, what is -101 + -1101100000?
-1101100101
In base 10, what is -2981 + 2?
-2979
In base 2, what is 10011 + 100100?
110111
In base 5, what is -112042 + -3?
-112100
In base 5, what is 12243 - 2?
12241
In base 8, what is 33 + 0?
33
In base 2, what is 1000 + -1?
111
In base 6, what is 2154 - -10?
2204
In base 10, what is 20 + -87?
-67
In base 8, what is 4 + -142?
-136
In base 8, what is 3 - -14?
17
In base 2, what is -101 + -101110111?
-101111100
In base 4, what is -32123 - -3?
-32120
In base 13, what is -5 + -74?
-79
In base 16, what is 42 - 0?
42
In base 12, what is -2 + -1971?
-1973
In base 7, what is 25022 - 0?
25022
In base 9, what is 4 + 86?
101
In base 15, what is 5c - -2?
5e
In base 15, what is 1 + 45?
46
In base 10, what is -3 - -15?
12
In base 15, what is 5 + -136?
-131
In base 11, what is -1 + -493?
-494
In base 6, what is 43 - 30?
13
In base 12, what is -35 + -1?
-36
In base 7, what is 4 - 21051?
-21044
In base 9, what is 46 + 11?
57
In base 2, what is 1 + -10001101?
-10001100
In base 8, what is 2 